2 - 11*u - 12. Let v be o(10). Suppose -4*c + 8*c - 2*q = v, 4*c - 77 = q. What is the remainder when 92 is divided by c?
16
Suppose 4*u = 5*a - 144, -a - 60 = -3*a + 4*u. What is the remainder when a is divided by 10?
8
Let t = 8 + 8. Let k be (4 + (-156)/(-42))*-7. Let n = -25 - k. Calculate the remainder when n is divided by t.
13
Suppose -2*g + 1 = -3*u, -3*g + u + 2 = -3. Suppose -2*c = m - 50, -g*m - 5*c + 85 + 20 = 0. What is the remainder when 119 is divided by m?
39
Suppose -m = -8*m + 7. Let j = 8 + -16. Calculate the remainder when -2*(156/j - m) is divided by 11.
8
Let r = -2054 + 2077. What is the remainder when 895 is divided by r?
21
Let c(y) be the first derivative of -11*y**2 + y - 4. Calculate the remainder when c(-1) is divided by 6.
5
Let t = -201 + 348. Let s(z) = z**2 + z + 3. What is the remainder when t is divided by s(-4)?
12
Suppose -2*o - 175 = -7*o. What is the remainder when o is divided by 4?
3
Suppose 5*s = -5, -3*v - 3*s + 5 = -25. Suppose -9*g + 6*g = -39. Let i = g - v. Calculate the remainder when 5 is divided by i.
1
Let f = 27 + -16. Let n = 21 - f. Suppose 6*o - n*o + 216 = 0. Calculate the remainder when o is divided by 14.
12
Let c(b) = -9*b**3 + 2*b + 1. Let y be c(-1). Let m = -1 + y. Let u = 24 + -22. Calculate the remainder when m is divided by u.
1
Suppose -4*m - 315 = -19*m. Suppose 2*q + 0*x - 43 = x, 3*q = -5*x + 45. Calculate the remainder when q is divided by 12/18*1/(2/m).
6
Let n(j) = -j**2 - 12*j + 51. What is the remainder when 188 is divided by n(-13)?
36
Let k(v) = 1 + 2*v**2 - 3*v**2 - 9 - 8*v. Let g be k(-6). Suppose 2*x + 10 = g*j + 5*x, j + 4*x = -4. Calculate the remainder when 7 is divided by j.
3
Let k be (-24)/36*(-249)/(-2). Let u = 134 + k. What is the remainder when u is divided by 26?
25
Let s(o) = o + 2. Let u be s(5). Let t(g) = g**3 - 5*g**2 + 8*g - 10. Let b be t(u). Suppose -3*f = -f - b. What is the remainder when f is divided by 25?
22
Suppose -2*r - 15 = 3*r, -5*g + 3*r + 144 = 0. Suppose -4*f = -21 - g. Let m = 181 - 148. Calculate the remainder when m is divided by f.
9
Suppose -23256 = 74*y - 142*y. What is the remainder when y is divided by 53?
24
Let x(a) = -4 + 52*a**2 + 4*a - 11 - 51*a**2. Calculate the remainder when 31 is divided by x(-8).
14
Let k = 300 + -168. What is the remainder when 129 is divided by ((-3)/2)/(2/(k/(-3)))?
30
Suppose 4*a = 2*y + 34, -3*a + 5*y + 49 = 13. Let z(l) = 4*l. Calculate the remainder when 111 is divided by z(a).
27
Let y(c) = 6*c + 51. What is the remainder when y(27) is divided by 196?
17
Let a(q) be the first derivative of q**2 + 27*q + 2. Suppose 3*y + 3*f - 10 = -1, -15 = -5*f. Calculate the remainder when 53 is divided by a(y).
26
Let r = -2063 + 2170. Calculate the remainder when r is divided by 14.
9
Suppose -4*v + 74 = -26. Let m(b) = 28*b - 97. What is the remainder when v is divided by m(4)?
10
Let i = 70 - 14. Suppose 0*f - 5*f + 145 = 2*s, i = f - 5*s. What is the remainder when f is divided by 17?
14
Let s = 6 - 6. Suppose -3*a + 39 = 5*d, -25 = -3*d - s*d - a. Suppose 2*g - 5*m = -3, -5*g = 5*m - 45 - 0. What is the remainder when d is divided by g?
3
Suppose 14*q = 19*q + 20. Calculate the remainder when 55 is divided by (q/6)/(2/180*-4).
10
Suppose 0*d - 12 = -4*d. Suppose -2*f = d - 9. What is the remainder when 10 is divided by f?
1
Suppose -4*w + 16 = 2*j, 4*j - 90 - 2 = 4*w. Calculate the remainder when 34 is divided by j.
16
Let u(y) = 10*y**2 - 9*y + 7. Let k be u(3). Suppose -2*s - 3*s + k = 0. Calculate the remainder when 54 is divided by s.
12
Let q(o) = -95*o**2 - 98*o - 2. Suppose -5*j + 4 + 1 = 0. Calculate the remainder when j/(-2)*(-3 + -1) is divided by q(-1).
0
Let n be (-2)/(-1)*(-70)/4. Suppose b + b - v = 182, -2*b = v - 186. Let u = n + b. Calculate the remainder when u is divided by 20.
17
Suppose -11*i = -i - 3210. Calculate the remainder when i is divided by 47.
39
Let s = -49 + 53. Suppose -57 = -2*g - 5*t, -2*t = 5*g - s*t - 99. What is the remainder when g is divided by 11?
10
Let g(n) = -n**3 - 8*n + 7*n + 1 - 108*n**2 + 114*n**2. Calculate the remainder when g(5) is divided by 4.
1
Suppose -2 + 30 = 3*v + 5*z, 3*v - 5*z = 38. Calculate the remainder when 84 is divided by v.
7
Suppose -2*o - 5*z = -2 + 3, z = 2*o - 29. Calculate the remainder when -9 + (-79)/(-9) + 632/9 is divided by o.
10
Suppose 67 = 3*v + v + s, -s = -5*v + 86. Let o = v - 12. Calculate the remainder when o is divided by (-22)/(-6) + 3/9.
1
Let c = -181 - -353. Let z = -45 + c. Calculate the remainder when z is divided by 33.
28
Suppose 23*u + 2*r + 595 = 26*u, -4*u + 792 = -4*r. Calculate the remainder when u is divided by 16.
7
Let z = 4 - -12. Suppose 0 = 15*r - z*r + 58. Calculate the remainder when r is divided by 23.
12
Let g be (0 - 1)*(-3 + 2). Let o = -37 - g. Let f = -23 - o. What is the remainder when 87 is divided by f?
12
Let z be (2/(-4))/((-1)/434). Suppose -4*g + w + z - 76 = 0, -3*g = -2*w - 107. Calculate the remainder when g is divided by (4/(-11))/((-68)/3366).
17
Let h = -20 - -24. Let p be ((-2)/h)/((-14)/(-1596)). Let q = 94 + p. What is the remainder when q is divided by 20?
17
Let x be (-200)/(-3)*180/8. What is the remainder when 1/(3*4/x) is divided by ((-4)/5)/(3/(-6))*20?
29
Let k = -4 - -6. Let d(w) = -11*w - 5 + k - 1 - 1. What is the remainder when d(-4) is divided by 14?
11
Suppose 5*y - 28 = y. Suppose -2*t + 11 = 4*u - 9, -3*u + 12 = 0. Calculate the remainder when 113/6 + t/12 is divided by y.
5
Let m(p) = -16*p**2 + 5 - p**3 + 0*p**3 + 4 + 17*p. Let z be -34*(3 + (-25)/10). Calculate the remainder when 15 is divided by m(z).
6
Let l(b) = b**2 + 39*b - 40. Let h(u) = u + 4. Let s(i) = -i**2 + 10*i - 2. Let a be s(9). Calculate the remainder when l(-41) is divided by h(a).
9
Let j(w) = w + 4. Let i be j(-5). Suppose 4*b + 2 = 3*b. What is the remainder when 1/i*(-37 - b) is divided by 18?
17
Let t = 4 - -40. Calculate the remainder when t is divided by 23.
21
Let n(q) = -q**2 + q + 106. Calculate the remainder when 205 is divided by n(-7).
5
Let s(g) = -4*g + 1. Let d = -17 - -20. Calculate the remainder when s(-2) is divided by 3/(-9) - (d + (-76)/12).
0
Suppose -40 - 57 = -11*g - 31. Let n(v) = -v**3 + 8*v**2 + 2*v - 2. What is the remainder when n(8) is divided by g?
2
Suppose -29*i + 18*i + 1463 = 0. Calculate the remainder when i is divided by 27.
25
Let n = 169 - 123. Suppose 0 = -5*s + 5, -s - 4*s = -3*i + 43. Calculate the remainder when n is divided by i.
14
Let h = 23 + -17. Suppose 8*t - h*t - 38 = 0. Suppose 2*b + 0 = 20. What is the remainder when t is divided by b?
9
Suppose 0*u = -3*u. Suppose u = -4*g + 2*t + t + 25, -5*g + 23 = -t. Calculate the remainder when 21 is divided by (g/5)/(16/120).
3
Suppose 262 = 10*t - 28. What is the remainder when t is divided by 5?
4
Suppose 7*b - 48 = b. What is the remainder when 1/2 - (-636)/b is divided by 21?
17
Suppose 2*y + 116 = 3*u, -3*y - 30 - 163 = -5*u. What is the remainder when 173 is divided by u?
21
Let z be -3 + 2/4 + (-4)/8. Calculate the remainder when 13 is divided by 11*1 - (-12)/z.
6
Suppose 14*d = 831 + 317. What is the remainder when d is divided by 12?
10
Let x(d) = d**3 - 2*d**2 + 4*d + 3. What is the remainder when x(5) is divided by 20?
18
Let p = 67 - 43. Suppose -4*o + p = -0*o. Suppose -t = -o*t + 50. What is the remainder when 17 is divided by t?
7
Let b(c) = -c**3 + 21*c**2 + 23*c - 5. Calculate the remainder when 40 is divided by b(22).
6
Let g = -453 + 455. Calculate the remainder when 25 is divided by g.
1
Suppose -69 + 15 = -3*h. Let q = -26 + 35. What is the remainder when h is divided by 2*(-3)/q*-15?
8
Let v(f) = -f**3 - 9*f**2 - 17*f + 3. Let i be v(-7). Let g = 31 - i. What is the remainder when 26 is divided by g?
5
Suppose -d + 4*g = -3, -g + 0*g = 5*d - 15. Suppose -j - 23 = -6. Let m = j - -28. What is the remainder when m is divided by d?
2
Let v(f) be the first derivative of 1 + 12*f + 1/2*f**2. Calculate the remainder when 27 is divided by v(-6).
3
Suppose 7*q - 13*q = -354. Calculate the remainder when q is divided by 30.
29
Suppose -2*l = -3*p - 7 - 19, 5*p - 10 = -2*l. Calculate the remainder when 219 is divided by l.
9
Suppose 5*f + 4*c = 129, 4*f - 112 = -0*f - c. Suppose f